-26
Let o be 3 + 26/(-8) + 2/8. Let z(a) = 32 - 31 + 6*a + o*a. What is z(-1)?
-5
Suppose 0 = -4*a - 16, 0*a - 5*a - 26 = -3*x. Let r(w) be the third derivative of 1/3*w**3 + 0*w + 0 - 1/8*w**4 + 7*w**2 + 0*w**5 + 1/120*w**6. Give r(x).
4
Suppose 3*q + 4 = 7*q, 4*b = -2*q + 14. Suppose b*o + 5 = 4*o. Suppose -3*z - l = -11, -o*z = -0*z - l - 13. Let h(a) = -a**3 + 3*a**2 + 2*a. What is h(z)?
6
Let s(f) = -5*f - 6. Let m(k) be the third derivative of k**4/4 + 7*k**3/6 + 6*k**2. Let q(t) = 6*m(t) + 7*s(t). Determine q(5).
5
Let w(m) be the third derivative of m**4/8 - 11*m**3/6 - 206*m**2. Determine w(5).
4
Let v(q) = 3*q**2 + 20*q - 3. Let o be v(-8). Let m(d) = o - 2*d - 37 + 8*d + d**2. What is m(-6)?
-8
Let i = -18 - -23. Let u(d) = -d + i*d**2 + 11*d**3 - 9*d**3 - 3*d**3 + 3. Suppose 3*l = 4 + 11. What is u(l)?
-2
Let u(h) = -h**2 + 6*h + 2. Let j(i) = 4*i**2 + i + 1. Let d be j(-1). Suppose -l + y = -2, 3*l = 8*l + d*y - 46. Calculate u(l).
2
Let z(b) = -3*b**3 - b**2 - b + 1. Suppose 4*w + w + 6 = 4*u, -5*w + 2*u = -2. Let n = w - 2. Let s = 1 - n. Calculate z(s).
-4
Let f(q) = -7*q**2 - 3*q. Suppose -2427*s = -2433*s - 18. Give f(s).
-54
Suppose -11*a = 43*a + 16*a + 210. Let r(d) = d + 6. Let g be r(-5). Let n(q) = 1 + 2*q - g. Determine n(a).
-6
Suppose 3*h - 1 = 5. Let k(v) = -5 + 5*v + 5*v - h*v - 9*v. Calculate k(-9).
4
Let d(w) = -7 - 56*w**2 - 12*w**2 - 6 + 67*w**2. What is d(0)?
-13
Let z(v) = -4*v + 3*v - v**2 + 2 + 2*v**2. Suppose 5*t - 309 = 2*l, -5*t + 307 = -2*l + l. Let h = t - 59. Determine z(h).
4
Let b = -3582 + 3577. Let i(r) be the second derivative of -r**5/20 - 5*r**4/12 - 3*r**2 + r. Determine i(b).
-6
Let h be (6/(-5))/((-6)/15). Suppose -5*n = -h*n - 12. Let m(w) = 2 - 41*w + 38*w + 4. Calculate m(n).
-12
Let v(u) = -9*u**3 - u. Let y be v(1). Let p = y - -10. Let t(b) = -b + 2*b - 6 + 0*b + p*b. Determine t(0).
-6
Suppose -3*c + 26 = -5*n, 3*c - 4*n - 7 = 18. Let w(m) be the second derivative of -m**3/6 + 4*m**2 + 2*m + 296. Determine w(c).
1
Let b(k) = -213*k - 24. Let y(z) = -26*z - 3. Let o(n) = -4*b(n) + 33*y(n). Give o(-1).
3
Let d(f) = 2*f + 11. Let p(o) = o**3 - 19*o**2 + 41*o + 8. Let g be p(3). Determine d(g).
-15
Let k(c) = 5*c + 1. Let s(b) = 27*b + 5. Let n(v) = 22*k(v) - 4*s(v). What is n(1)?
4
Let v = 93 + -80. Let o(c) = -4*c**2 + 2*c**2 - v*c + 2*c**3 - 4 - c**2 + 10*c. Determine o(3).
14
Let t(c) = 2*c**3 + 10*c**2 - 9*c + 9. Let k(l) = -3*l**3 - 11*l**2 + 9*l - 9. Let o(g) = 3*k(g) + 4*t(g). What is o(6)?
-9
Let c(q) be the third derivative of -q**4/24 - 13*q**3/6 + q**2. Let o(y) = 2*y - 70 - 71 + 168. Let t(m) = 13*c(m) + 6*o(m). Determine t(0).
-7
Let n(o) = 2*o**2 - 2*o + 1. Let w be ((-12)/36)/(1/(-6)). Let g be n(w). Let l(r) be the first derivative of r**3/3 - 7*r**2/2 + 4*r + 1. What is l(g)?
-6
Let v(i) = -9*i**3 + 2*i**2 + 15*i**3 + 3*i - 9*i**3 - 3. Suppose -2*a = -0*a + 28. Let t be a/(-8) - 9/(-36). What is v(t)?
-13
Let k(l) be the second derivative of -l**3/6 - l**2 - 2*l. Let u(a) = -2*a + 10. Let o = -48 - -51. Let b be u(o). Give k(b).
-6
Let l(m) = m**2 - m + 6. Let w(o) be the second derivative of -o**4/6 + 3*o**3 - 12*o. Let i be w(9). What is l(i)?
6
Let y(r) be the second derivative of -r**5/60 + 5*r**4/12 - 13*r**3/6 + 11*r**2/2 - 14*r. Let i(a) be the first derivative of y(a). What is i(9)?
-4
Suppose -15*d = -169 + 49. Let m(l) = l**3 - 8*l**2 - l - 1. Give m(d).
-9
Let p(x) = 2*x. Let u be p(-4). Let f(r) = -4*r - 1. Let h(t) = t**3 + 7*t**2 + 14*t - 2. Let d(i) = 6*f(i) + h(i). Determine d(u).
8
Let c(l) = 6*l**2 - 9*l - 14. Let p(h) = -7*h**2 + h + 1. Let y(g) = -c(g) - p(g). Determine y(-9).
22
Let w(s) = 15*s - 5. Let u(p) = -7*p + 3. Let i(v) = -13*u(v) - 6*w(v). Suppose -6 = -l - 3*r - 2*r, 45 = 4*l - r. Let n = l + -7. Determine i(n).
-5
Let m(p) = 0*p + 11*p - 8 + 119*p**2 - 120*p**2. What is m(7)?
20
Let f = 1 + -5. Let z = f - -8. Let y(j) = 5*j**3 + j**2 - 14*j - 5. Let b(a) = -11*a**3 - 3*a**2 + 31*a + 11. Let l(k) = -4*b(k) - 9*y(k). What is l(z)?
-7
Let d(b) = 0*b - 5 + 0*b + b + 2*b. Let l(m) be the third derivative of -m**4/24 + m**3/3 - m**2. Let j(o) = -2*d(o) - 5*l(o). Calculate j(-5).
5
Let u(j) = 3*j**2 - 6. Let m(b) = 16*b**2 + b - 31. Let x = 16 + -5. Let v(r) = x*u(r) - 2*m(r). Give v(4).
4
Suppose 8*t - 12*t = 0. Suppose 3*v - 1 = -4*i - 39, v + 5*i + 31 = t. Let r(m) = -m + 8. What is r(v)?
14
Let t be (88/(-11))/(-1 + -1). Let x(n) = -2*n + 2 + t*n - n**3 + 2*n**3. Suppose 2 = 5*y + 12. Calculate x(y).
-10
Let i(l) = 5*l**2 + 13*l - 11. Suppose -5*c + 2*c = 15. Let x(m) = -3*m**2 - 9*m + 7. Let k(g) = c*i(g) - 8*x(g). Let n be -1*((-3)/1 + -3). Give k(n).
5
Let y(n) be the third derivative of n**6/120 - 7*n**5/60 + n**4/3 + n**3/6 - 3*n**2 + 509*n. Suppose -4*c = c - 30. Determine y(c).
13
Let h(t) = -3*t. Suppose 0 = -0*b + 3*b. Suppose b = -2*s - 2, 5*s - 11 = -2*g + 22. Suppose -g*l = -22*l - 9. What is h(l)?
9
Let p(c) = 10*c**2 + 19*c + 18. Let q(x) = 0*x**2 - 3*x**2 - 6 - 6*x + 0. Let i = -544 - -551. Let d(f) = i*q(f) + 2*p(f). Calculate d(-5).
-11
Let l be (-168)/(-14)*2/6. Let m(c) = 5 - 340*c**3 - 6*c**2 - 3*c + 341*c**3 - l*c. Calculate m(7).
5
Let j(w) be the third derivative of -w**6/144 - 7*w**4/24 + 10*w**2. Let f(b) be the second derivative of j(b). What is f(2)?
-10
Let g(y) = y + 3. Let d = 38 - 22. Suppose -c + d - 36 = 0. Let j = c + 26. Calculate g(j).
9
Let d(y) = -y**2 + 3*y + 3. Let j(h) = -15*h**2 + 3*h + 3. Let i(q) = -8*q**2 + q + 1. Let c(b) = 11*i(b) - 6*j(b). Let u(m) = 2*c(m) + 5*d(m). Determine u(3).
-5
Let x(k) = -k + 14. Let j be x(-7). Suppose 0 = -q - 2*q - j. Let g(p) = p**3 + 8*p**2 + 5*p - 10. What is g(q)?
4
Let i(t) = t**2 + 6*t - 2. Let b(c) = -4*c + 15. Suppose 0 = 3*o + 5*o - 40. Let r be b(o). What is i(r)?
-7
Let c(g) = g**2 - 2*g**3 + 4 + 3*g + 0*g - 7*g. Let p(b) = 4*b**3 - 3*b**2 + 9*b - 9. Let i(h) = 7*c(h) + 3*p(h). Give i(-2).
11
Let c = -114 + 119. Suppose -i + 0 - c = 0. Let u(r) = -r**2 - 8*r - 3. What is u(i)?
12
Let t(v) = -2*v - 7. Let p be 8/20 + (-244)/10. Let b = 19 + p. What is t(b)?
3
Let v(h) be the third derivative of -h**4/12 - 7*h**3/6 - 5*h**2 - 5*h. Calculate v(-8).
9
Let q be (-1)/((2/(-10))/((-6)/15)). Let w be q*((-16)/(-4) - 5). Let r(l) = -3*l**2 - l + 2. Calculate r(w).
-12
Let m be (-2)/5 + (-12)/(-5). Let f(u) = 5 + 5*u**2 - u**3 - m*u**2 + 2*u**2 + 5*u. Calculate f(6).
-1
Let n(c) = c - 4. Let j(f) = -2*f**2 + 14*f + 13. Let s be j(8). Let l be (-3)/(s/1) - -2. Calculate n(l).
-1
Let q be -1*(-1)/2*2. Let p(u) = 7*u - 3. Let x(v) = 1. Let d(s) = -p(s) - 2*x(s). Give d(q).
-6
Let i(g) = g**3 + 14*g**2 - 20. Let u(r) = -60*r - 794. Let o be u(-13). What is i(o)?
-20
Let j(k) = -2*k - 1. Let u(y) be the first derivative of -9*y**2/2 + 16*y + 23. Let z(x) = -5*j(x) + u(x). Determine z(0).
21
Let h(v) = v**3 - 14*v**2 - 13*v - 22. Suppose -3*o + 14 = -5*k - 21, -4*k - 22 = -2*o. What is h(o)?
8
Let t = 131 + -122. Suppose 5*i - t = -3*x, 5*x - i - 9 = 2*x. Let y(m) = 2*m - 6. Give y(x).
0
Let v(n) = -4*n - 5*n + 1171 + 15*n - 1161. What is v(-2)?
-2
Let w = 6182 + -6176. Let z(i) be the first derivative of -i**3/3 + 2*i**2 + 5*i - 1. Determine z(w).
-7
Let w be (4 + 1/1)/1. Suppose -4*t = w + 19. Let r(b) = -b**2 - 7*b - 9. What is r(t)?
-3
Let m(y) = -y - 4. Suppose -5*k + 24 = -11*k. What is m(k)?
0
Suppose -4*k + 3*t = t + 16, 0 = -3*k + 3*t - 15. Let y(q) = q**2 - 7*q - 8. Let w be y(8). Let z(x) = w - 2*x - 4 + 2*x**2 + 0 + x**3 - x. Give z(k).
-4
Let h(i) = -i + 8. Let l(v) = -2*v + 8. Let t(m) = -3*h(m) + 2*l(m). Give t(-7).
-1
Let t = 15 - 12. Suppose 5*y + 5*m + 15 - 5 = 0, -t*y - 36 = -3*m. Let v = y - -9. Let c(w) = 5*w - 2. What is c(v)?
8
Let t(c) = -2*c**2 - c + 4. Suppose 9 = 9*p - 18. Calculate t(p).
-17
Let f(g) = 4*g + 2. Let q(a) = a**3 - 2*a**2 - a + 3. Let b be q(3). Suppose 4*d = 12, -3*d = 3*m - 2*d + b. Give f(m).
-14
Let n(m) = -3*m**2 + 2*m - 1. Let p(d) = 52*d**2 - 5*d + 4. Let b(l) = -3*n(l) - p(l). What is b(-1)?
-43
Let q = 152 + -97. Let o = 58 - q. Let x(y) = y + 2 - 2. Give x(o).
3
Let t(n) = n**2 - 4*n + 7. Let o be t(3). Let g(a) = -34 + 33 + a - o*a + 5*a. Give g(-1).
-3
Let z(q) = q**3 + 6*q**2 + 3*q + 11. Let u = -190 - -184. Gi